*r - 5*f = 670. Suppose -5*z + 2*w + 128 = 0, -3*w = 5*z - 4*w - r. What are the prime factors of z?
2, 13
Let m(w) = w**3 - 8*w**2 + 7*w + 3. Let c be m(7). Suppose 0 = p - 2 - c. Suppose -3*g = -p*s - g + 42, -g - 16 = -2*s. What are the prime factors of s?
2, 5
Suppose -w = -s + 8 + 5, -5*s - 3*w = -105. Suppose 3*j = 2*j + s. What are the prime factors of j?
2, 3
Let w = 29 - 16. List the prime factors of w.
13
Suppose 3*n - 5*n + 110 = 0. List the prime factors of n.
5, 11
What are the prime factors of 165 - ((-1 - 0) + -4 + 2)?
2, 3, 7
Let i = 22 - 16. Let r = -27 + i. Let c = -8 - r. List the prime factors of c.
13
Suppose -2*k = -5*k + 15. Suppose 0*l = -3*l - 2*c + 20, -k*l + 3*c = -27. List the prime factors of l.
2, 3
Let x(k) = k**3 + 8*k**2 + 6*k - 9. Let t be x(-7). Let w be 1/((-4)/6)*t. Suppose 2*j = w + 3. List the prime factors of j.
3
Let t be 2/(-4)*(-2)/1. Suppose n = -t + 3. Suppose 38 = -n*r + 6*r - 3*l, -5*l - 10 = 0. What are the prime factors of r?
2
Suppose 0 = -5*h - 5*j + 30, -2*j = h - 12 + 1. Let u be h/(-2) + 3/(-2). List the prime factors of (0/(-2) - u) + 2.
2
Suppose 4*m - 59 = 61. What are the prime factors of m?
2, 3, 5
Let j = 42 - 78. Let w = j + 63. What are the prime factors of w?
3
Let h be -2 + 6 + (-3)/3. Suppose -h*c = 5*t, -2*c - 25 = -3*t - 2*t. List the prime factors of t.
3
Let i = 15 - 2. Let j = i + -3. List the prime factors of j.
2, 5
Let u(l) = l**3 + 5*l**2 - 2. Let r = -12 - -8. Let t be u(r). Suppose -2*f + t + 2 = 0. List the prime factors of f.
2
Let c = -19 + 22. List the prime factors of c.
3
Let n be 1*(-14 + 1)/(-1). What are the prime factors of n/3*12/4?
13
Let l(b) = 2*b**2 - 5*b - 16. What are the prime factors of l(7)?
47
Suppose 25*j - 310 = 20*j. List the prime factors of j.
2, 31
Let c(w) = -3*w**2 + 22*w + 8. Let j(t) = 2*t**2 - 15*t - 5. Suppose 8 = 5*o - 17. Let l(n) = o*c(n) + 7*j(n). List the prime factors of l(5).
5
Suppose 3*t = -9, 0*t + 12 = 5*s + t. Suppose 4*u = 3*u, 81 = s*q - 5*u. Let y = q - 11. List the prime factors of y.
2
List the prime factors of (-12)/(2 - (-36)/(-16)).
2, 3
Let v be 6/(2 - 4) + 6. Suppose -3*h + 24 = 3*z, -v*h + 3*z - 4*z = -18. Suppose -11 = -2*n + n + 2*q, -h*n + 31 = -2*q. What are the prime factors of n?
5
Suppose -5*d + 11 = -s - 6, 0 = -5*d + 5*s + 5. Suppose -d*p + 0*p = -12. What are the prime factors of p?
3
Suppose 0 = -4*r + 2*s - 0*s + 18, -5*s - 23 = r. Suppose 40 = r*j + 4*z - 10, 75 = 3*j - z. What are the prime factors of j?
5
Let q(n) = -2*n**3 - 6*n**2 - 4*n - 4. What are the prime factors of q(-4)?
2, 11
Suppose y + 4*y - 100 = 0. List the prime factors of y.
2, 5
Suppose 4*v = -0*v + 8. Let o(r) = r**2 - r + 2. List the prime factors of o(v).
2
Let w(a) = -6*a + 7*a + 3 + 8*a. Let o(v) = -4*v - 1. Let r(s) = -13*o(s) - 6*w(s). What are the prime factors of r(-9)?
13
Let v(t) be the third derivative of t**4/8 + t**3/3 - t**2. List the prime factors of v(2).
2
Let i = 4 - 3. Let h be 1/(i/(-4*3)). List the prime factors of (-2 + 1)/(3/h).
2
Let q = 52 + -32. What are the prime factors of q?
2, 5
Let a = 40 - 32. What are the prime factors of a?
2
Let w = 64 + 29. Let h = w - 63. What are the prime factors of (-1)/(-1*2/h)?
3, 5
Let q(m) = -4*m - 4. Let r be q(-9). Let b = r + -10. What are the prime factors of b?
2, 11
Let l(d) = -2*d - 2 + 3 + 3*d. Let c be l(1). Suppose -p = 4*b + 16, -2*p + p - c*b - 6 = 0. List the prime factors of p.
2
Let g(r) = -r**2 - 28*r + 27. List the prime factors of g(-21).
2, 3, 29
Let f(y) = 4*y. Let j(p) = -p + 4. Let s be j(-4). Let x = s + -4. What are the prime factors of f(x)?
2
What are the prime factors of -24 - -23 - (-56 - 1)?
2, 7
Suppose 8*v + 3008 = 24*v. What are the prime factors of v?
2, 47
Suppose j + 21 + 24 = 0. Let v = 1 + j. What are the prime factors of v/(-3) - 4/6?
2, 7
Let w = 3 + -2. List the prime factors of 8*1 + 1 - w.
2
Let w(y) = -7*y + 5. Let z(v) = 8*v - 5. Let f(s) = -6*w(s) - 5*z(s). Let m = -19 - -24. List the prime factors of f(m).
5
Suppose 0 = -2*n + 3*u + 48, u + 20 = 6*u. What are the prime factors of n?
2, 3, 5
What are the prime factors of (13/26)/(2/584)?
2, 73
Let s be (-190)/(-15) + (-2)/3. Let g = 15 - s. What are the prime factors of g?
3
Let q be (-16)/(-3)*(-4 + 1). Let m = -7 - q. List the prime factors of m.
3
List the prime factors of (-2)/(-4) + -2 + 1375/10.
2, 17
Let i(k) = -k**2 + 7*k - 1. Let u = 8 - 13. Let n be -2*(-2)/(-4)*u. List the prime factors of i(n).
3
Suppose -3 = -5*b + 12, 5*l = -4*b + 702. Suppose -5*s + 3*m = -l, -s + 72 = s + 3*m. List the prime factors of s.
2, 3, 5
Suppose -2*s + 5*c + 36 = -87, 2*c = -3*s + 194. Suppose 2*y = -4*v + 40, v = -3*y - 2*y + s. What are the prime factors of y?
2, 3
Let x(c) = 3*c + 61. What are the prime factors of x(19)?
2, 59
Let u(j) = -3*j**3 + 4*j**2 + 2 - 4*j + 2*j**3 + 3*j. Let l be u(2). Let b = 13 - l. List the prime factors of b.
5
Let b be (-183)/21 - (-4)/(-14). Let i be b/(-2*(-6)/(-32)). What are the prime factors of 30/(-4)*i/(-20)?
3
What are the prime factors of ((-16)/(-3))/(10/15)?
2
What are the prime factors of 73 + ((-6)/2 - -1)?
71
Suppose 0 = f - a + 2, -f - 2*a + 7 + 3 = 0. Suppose 0 = -5*i + 2*x + 3*x + 25, -f*i = -3*x - 11. What are the prime factors of i?
2
Let w(v) = -v**3 + 9*v**2 + 11*v - 6. Let m be 183/12 - 2/8. Let g be (m/10)/(3/20). What are the prime factors of w(g)?
2
Let a = -9 - -20. Let h = a - 17. Let y(l) = -l**2 - 7*l. List the prime factors of y(h).
2, 3
Let i = -17 + 18. List the prime factors of i + 0 + 1*36.
37
Suppose -t - 1 = 2*i, -5*i + 2*t = -1 - 1. Suppose i = -4*h - 4*f + 140, 4*h + 6*f = 3*f + 144. List the prime factors of h.
3, 13
Suppose 4*n - 250 = -n. Suppose -2*g = -5*y - 59, 2*g = -0*y + 2*y + n. List the prime factors of g.
2, 11
Let z = -170 - -309. List the prime factors of z.
139
Let b(h) = h**2 - 11*h + 18. List the prime factors of b(14).
2, 3, 5
Let d(u) = -4*u. Let s be d(-1). List the prime factors of s + (-100)/(-4) - 1.
2, 7
Suppose 0*r = r + h, 2*r = 5*h. Suppose l - 2*l + 53 = r. What are the prime factors of l?
53
Let j be 9/6 + 25/10. Suppose 66 = -i + j*i. List the prime factors of i.
2, 11
Let q = 24 - 36. Let l be ((-2)/(-4))/(1/(-10)). Let h = l - q. What are the prime factors of h?
7
Suppose b = 2*s - 195, 5*s = -0*s - 2*b + 501. List the prime factors of s.
3, 11
Let q(o) = -7*o + 1. Let f be q(-3). What are the prime factors of f + -6*(-1)/(-2)?
19
Suppose 39 = -4*r - 93. Let f = -20 - r. What are the prime factors of f?
13
Suppose 0*j + j = 2. Let g = 13 - j. What are the prime factors of g?
11
Suppose 3*s + 42 = 4*y + y, -5*y + 70 = -5*s. Let n = s + 8. What are the prime factors of (-4)/(-6) - 62/n?
11
Let g = 252 - 66. What are the prime factors of g?
2, 3, 31
Let v(f) = -f**3 - 9*f**2 + 13*f + 11. Let m be v(-10). Let q = -3 - m. Suppose -q = -2*b - 4. What are the prime factors of b?
2, 3
Suppose 4*f + 10 = 5*l + f, 2*f = -4*l + 30. Suppose -l*b = 2*o - 92, -b - o = 2*b - 56. List the prime factors of b.
2, 5
Let r = 14 + -14. Suppose -g + r*g = -13. What are the prime factors of g?
13
Let n(d) = -79*d**3 - 2*d**2 - 3*d - 1. List the prime factors of n(-1).
79
Let w(z) = -z**3 - 5*z**2 + 8*z - 3. Let t be w(-7). Let p = -8 - -35. Let h = t - p. What are the prime factors of h?
2, 3
Suppose -5*w + 70 = -4*l, 1 = 3*w + 5*l - 4. Suppose h + h - w = 0. Suppose 4*u + 28 = h*i, 0*u - 5 = -i + u. List the prime factors of i.
2
Let c = -248 - -365. List the prime factors of c.
3, 13
Let b = 0 + 5. Suppose -b*g - 4*l + 57 = 0, 3*l + 14 = 2*g - 18. List the prime factors of g.
13
Let q(g) = -g**3 - 2*g**2 - g + 5. What are the prime factors of q(-4)?
41
Suppose -2*m - 231 = -5*y, 2*y - 186 = -2*y + 2*m. List the prime factors of y - (-1 + (2 - 1)).
3, 5
Let b(i) = i**3 - 4*i**2 + 5*i - 2. Let t be b(3). Suppose 4*p + 16 = -t*n, 3*p + 12 = -p. List the prime factors of ((-2)/(-6))/(n/(-6)).
2
Let b = 1 + 7. Let f = -6 + b. List the prime factors of f.
2
Suppose 6*g - 605 = 2*g + 5*z, 0 = -g + z + 151. What are the prime factors of g?
2, 3, 5
Let a = 3 - -17. Suppose b + 3*b = -3*g + 23, 2*g - a = 2*b. What are the prime factors of g?
3
Let h = -12 - -18. Suppose x + x = h. What are the prime factors of